What is the remainder when 18418 is divided by 13?
10
What is the remainder when 63015 is divided by 1853?
13
What is the remainder when 535 is divided by 352?
183
What is the remainder when 1959 is divided by 633?
60
What is the remainder when 23088 is divided by 1282?
12
Calculate the remainder when 68 is divided by 18.
14
What is the remainder when 6487 is divided by 3241?
5
Calculate the remainder when 40849 is divided by 50.
49
Calculate the remainder when 2420 is divided by 201.
8
What is the remainder when 1494 is divided by 86?
32
What is the remainder when 67924 is divided by 16978?
12
Calculate the remainder when 5095 is divided by 1581.
352
What is the remainder when 24255 is divided by 379?
378
Calculate the remainder when 25128 is divided by 25117.
11
What is the remainder when 49888 is divided by 99?
91
What is the remainder when 25181 is divided by 64?
29
Calculate the remainder when 4340 is divided by 539.
28
Calculate the remainder when 2781 is divided by 1357.
67
Calculate the remainder when 4905 is divided by 306.
9
Calculate the remainder when 9723 is divided by 2665.
1728
Calculate the remainder when 81000 is divided by 13499.
6
What is the remainder when 3737 is divided by 31?
17
Calculate the remainder when 128534 is divided by 209.
208
Calculate the remainder when 3136 is divided by 2947.
189
Calculate the remainder when 154725 is divided by 36.
33
What is the remainder when 68882 is divided by 80?
2
Calculate the remainder when 2667 is divided by 343.
266
Calculate the remainder when 51194 is divided by 67.
6
What is the remainder when 304723 is divided by 60941?
18
What is the remainder when 4591824 is divided by 7?
6
What is the remainder when 23721 is divided by 73?
69
Calculate the remainder when 22810 is divided by 1540.
1250
What is the remainder when 10445 is divided by 342?
185
What is the remainder when 15384 is divided by 2561?
18
Calculate the remainder when 584222 is divided by 116843.
7
Calculate the remainder when 853051 is divided by 288.
283
Calculate the remainder when 1321 is divided by 699.
622
Calculate the remainder when 10480 is divided by 223.
222
What is the remainder when 1205 is divided by 859?
346
What is the remainder when 305309 is divided by 29?
26
Calculate the remainder when 7454259 is divided by 102.
99
What is the remainder when 4614 is divided by 760?
54
What is the remainder when 280753 is divided by 613?
612
Calculate the remainder when 215714 is divided by 62.
16
What is the remainder when 2247807 is divided by 16?
15
Calculate the remainder when 7878 is divided by 537.
360
Calculate the remainder when 6380 is divided by 293.
227
Calculate the remainder when 157409 is divided by 159.
158
What is the remainder when 15639 is divided by 149?
143
What is the remainder when 676 is divided by 44?
16
What is the remainder when 6487 is divided by 6483?
4
Calculate the remainder when 856471 is divided by 17.
11
Calculate the remainder when 206854 is divided by 12928.
6
Calculate the remainder when 1938 is divided by 244.
230
What is the remainder when 3135 is divided by 1554?
27
What is the remainder when 8013 is divided by 2001?
9
What is the remainder when 702960 is divided by 2391?
6
What is the remainder when 34924 is divided by 771?
229
Calculate the remainder when 168039 is divided by 17.
11
What is the remainder when 5706 is divided by 115?
71
What is the remainder when 16505 is divided by 402?
23
What is the remainder when 4881 is divided by 466?
221
What is the remainder when 9812 is divided by 14?
12
What is the remainder when 6758 is divided by 41?
34
Calculate the remainder when 13210 is divided by 28.
22
Calculate the remainder when 47329 is divided by 2784.
1
What is the remainder when 646198 is divided by 8?
6
What is the remainder when 20198 is divided by 1621?
746
What is the remainder when 11255 is divided by 131?
120
Calculate the remainder when 136288 is divided by 605.
163
What is the remainder when 29202 is divided by 3244?
6
Calculate the remainder when 52943 is divided by 135.
23
What is the remainder when 3329 is divided by 30?
29
Calculate the remainder when 30312 is divided by 16.
8
What is the remainder when 1329 is divided by 6?
3
What is the remainder when 43302 is divided by 29?
5
Calculate the remainder when 94511 is divided by 179.
178
What is the remainder when 198469 is divided by 14?
5
What is the remainder when 3885 is divided by 3533?
352
What is the remainder when 6653 is divided by 1659?
17
What is the remainder when 22988 is divided by 61?
52
What is the remainder when 3178 is divided by 103?
88
Calculate the remainder when 4775 is divided by 61.
17
Calculate the remainder when 6737748 is divided by 719.
718
What is the remainder when 150382 is divided by 24?
22
Calculate the remainder when 4785 is divided by 2371.
43
Calculate the remainder when 189850 is divided by 82.
20
What is the remainder when 775162 is divided by 26?
24
Calculate the remainder when 424 is divided by 184.
56
What is the remainder when 4536 is divided by 157?
140
Calculate the remainder when 72813 is divided by 768.
621
Calculate the remainder when 484278 is divided by 164.
150
What is the remainder when 2885 is divided by 972?
941
Calculate the remainder when 4167699 is divided by 873.
870
Calculate the remainder when 680 is divided by 93.
29
Calculate the remainder when 4419 is divided by 241.
81
What is the remainder when 41863 is divided by 108?
67
What is the remainder when 152009 is divided by 1236?
1217
Calculate the remainder when 4761 is divided by 318.
309
Calculate the remainder when 6241 is divided by 570.
541
What is the remainder when 3743 is divided by 21?
5
What is the remainder when 6929 is divided by 1728?
17
What is the remainder when 15990 is divided by 5327?
9
What is the remainder when 3547 is divided by 79?
71
Calculate the remainder when 1628 is divided by 1616.
12
Calculate the remainder when 49503 is divided by 13.
12
Calculate the remainder when 3748 is divided by 474.
430
Calculate the remainder when 51998 is divided by 10397.
13
Calculate the remainder when 91885 is divided by 106.
89
Calculate the remainder when 10097 is divided by 97.
9
What is the remainder when 2401 is divided by 21?
7
What is the remainder when 713 is divided by 396?
317
What is the remainder when 2245 is divided by 970?
305
What is the remainder when 11546 is divided by 116?
62
What is the remainder when 4331 is divided by 4327?
4
Calculate the remainder when 35029 is divided by 240.
229
What is the remainder when 351176 is divided by 188?
180
Calculate the remainder when 1265191 is divided by 1894.
1893
Calculate the remainder when 13855 is divided by 13836.
19
What is the remainder when 10148 is divided by 12?
8
What is the remainder when 70655 is divided by 50?
5
What is the remainder when 94787 is divided by 85?
12
Calculate the remainder when 2183 is divided by 2106.
77
What is the remainder when 35001 is divided by 11643?
72
Calculate the remainder when 179137 is divided by 154.
35
What is the remainder when 28352 is divided by 548?
404
What is the remainder when 3189 is divided by 13?
4
Calculate the remainder when 3388 is divided by 706.
564
What is the remainder when 61536 is divided by 288?
192
Calculate the remainder when 3010357 is divided by 466.
463
What is the remainder when 5311 is divided by 1726?
133
What is the remainder when 1794 is divided by 112?
2
Calculate the remainder when 450 is divided by 198.
54
Calculate the remainder when 1297943 is divided by 162.
161
What is the remainder when 12930 is divided by 696?
402
Calculate the remainder when 8494 is divided by 2780.
154
Calculate the remainder when 63941 is divided by 15982.
13
What is the remainder when 112510 is divided by 62?
42
Calculate the remainder when 25260 is divided by 7.
4
What is the remainder when 25860 is divided by 507?
3
Calculate the remainder when 2667 is divided by 299.
275
Calculate the remainder when 6436 is divided by 6431.
5
What is the remainder when 88473 is divided by 6794?
151
Calculate the remainder when 511559 is divided by 3628.
11
Calculate the remainder when 650 is divided by 212.
14
What is the remainder when 365894 is divided by 701?
673
What is the remainder whe